visor of d and r.
25
Let w(x) = -x**2 + 11 - 6 + 0*x**2 + 6*x + 0*x. Let o be w(6). Let s(b) = -b**3 - 5*b**2 - 1. Let j be s(-6). What is the greatest common divisor of j and o?
5
Suppose 6*o - o = -10. Let s be (o/(-6))/(10/960). Let v be 14 + (-1 - (3 + -6)). What is the highest common factor of s and v?
16
Let q(s) = -3*s**2 + 1256 + 1259 + 2*s**3 - 2521. Let c(b) = -b - 2. Let u be c(-5). Let j be q(u). Calculate the highest common divisor of 63 and j.
21
Suppose -3*j = -4*t + 162, 0 = 5*t - 4*j - 240 + 37. Calculate the greatest common divisor of t and 52.
13
Let y = 242 - 180. Suppose -3*f - 5*b = -78, 0*f = -5*f - 3*b + 146. What is the greatest common factor of f and y?
31
Let f(z) = 31*z**2 - 6. Let c be f(-2). What is the greatest common factor of 177 and c?
59
Let f be (12/(-10))/(-2*(-6)/(-390)). Let l = -18 + f. Calculate the highest common factor of l and 231.
21
Let m be 2*(-1)/(-2) + 3. Suppose 2*f - 32 = 4*k, -k = -3*f - m*k + 30. Calculate the highest common factor of 3 and f.
3
Suppose a + 21 = -7. Let b be (a/(-2))/((-14)/(-189)). What is the highest common divisor of 27 and b?
27
Suppose -9*q + 5 + 4 = 0. What is the greatest common divisor of 43 and q?
1
Let i(a) = -2*a**2 + 4*a. Let r be i(-3). Let b = r + 33. Suppose 2*k = -b*k + 65. Calculate the highest common factor of 143 and k.
13
Suppose 5*g + 3*s + 8 = 19, 0 = -5*s + 10. Suppose 0 = -3*v + 64 - 61. What is the greatest common factor of v and g?
1
Let u = -81 + 173. Suppose 8 + u = 5*z. What is the greatest common divisor of z and 80?
20
Suppose 74 = -n + 3*n. Suppose -r + n = -8. Let m be -6 - -3 - (-14 + 2). What is the greatest common factor of m and r?
9
Let d(o) = -8*o. Let q be d(-3). Let v = q - 18. Let r be 1/(-3) - (-104)/v. What is the highest common divisor of r and 85?
17
Suppose 19 = 2*t - 11. Suppose -2*s - t = 5. Let v be (216/(-15))/(2/s). Calculate the greatest common divisor of v and 8.
8
Suppose 0*n + 4*n - 5*d + 12 = 0, -5*d + 24 = 2*n. Suppose -4*b = -5*t - 1281, b - n*t - 219 = 102. Calculate the greatest common factor of 11 and b.
11
Let v be 0 + 2190/4 - 75/(-50). What is the greatest common divisor of v and 122?
61
Let f(m) = -8*m**2 - 2*m**2 - 20*m + 9*m**2 + 3*m. Let n be f(-12). What is the highest common factor of 20 and n?
20
Let f = -212 - -320. Let i = 3521 + -3509. Calculate the greatest common factor of f and i.
12
Suppose 2*s = 4*o - 486, 12*o - 465 = 8*o - 5*s. What is the greatest common divisor of o and 100?
20
Let d = 51 + 222. Calculate the greatest common factor of d and 63.
21
Suppose 4*l + 4*m = 28, -l + m = -0*l + 3. Suppose a + 114 = 2*a - l*k, a - 4*k - 120 = 0. Let g be 84/18*36/14. What is the greatest common divisor of g and a?
12
Let w = -289 - -457. Calculate the greatest common factor of w and 448.
56
Suppose -5*j - 18 = -m, 14 = 3*m - 8*j + 13*j. Calculate the highest common divisor of 1016 and m.
8
Suppose 140 = 5*t - 3*t. Suppose 2 = -2*m - 3*g + 20, 0 = m + 5*g - 9. Suppose -k + 19 = -m. What is the greatest common factor of k and t?
14
Let l(m) = m**2 - 5*m - 153. Let n be l(17). Calculate the greatest common factor of n and 6.
3
Let k(o) = -432*o**3 + o**2 - 2*o - 1. Let s be k(-1). What is the greatest common divisor of s and 14?
14
Let s = -217 - -297. Calculate the highest common divisor of s and 40.
40
Let h = 119 + -103. What is the greatest common factor of h and 176?
16
Suppose 36 = -3*m - 5*f, 3*m = f + 4*f - 6. Let l = -4 - m. Let s be (12/8)/(l/306). Calculate the highest common divisor of s and 17.
17
Let m(o) = o**2 - 5*o - 4. Let b be m(-4). Suppose 6*f = 0, -3*n = -5*f - 22 - 746. Calculate the greatest common factor of b and n.
32
Let w = -2 - -3. Let g be ((-66)/18)/(3/(-9)). What is the greatest common factor of w and g?
1
Suppose -3*n = -j + 23, -15*n = -17*n - 2. What is the highest common factor of j and 10?
10
Let p = -699 + 822. What is the highest common divisor of 41 and p?
41
Suppose 3*y - 2*y = 5. Let z(j) = 59*j. Let w be z(2). Suppose y*m = 122 + w. What is the greatest common factor of m and 6?
6
Suppose -7 = -2*t + 5. Suppose -5*c + 30 = 3*b, -6*b - 4 = -c - 7*b. Calculate the highest common divisor of t and c.
3
Let k(w) = -w**3 + 52*w**2 - 111*w - 112. Let y be k(48). Calculate the highest common factor of y and 59.
59
Suppose 34*s = 2024 + 152. Calculate the highest common factor of s and 928.
32
Suppose 0*v = 5*v + 5*c - 9140, -2*c - 7324 = -4*v. Let u be ((-2)/(-4))/((-5)/v). Let i = -113 - u. Calculate the greatest common divisor of 10 and i.
10
Let n = 21 + -10. Let v = 7 + -1. Let f be (-1)/(3/v) + 46. Calculate the greatest common factor of f and n.
11
Suppose -n - 4*n = -80. Suppose 0 = 2*u - 5*u + 12. Suppose u*o - 18 = -2. What is the greatest common divisor of n and o?
4
Let j(v) = 48*v. Let n(w) = w + 8. Let f be n(-7). Let g be j(f). Calculate the greatest common divisor of g and 6.
6
Let t = 51 - 49. Let h(l) = -l**3 + 2*l**2 + l - 1. Let s be h(1). What is the highest common divisor of t and s?
1
Let g = 11 + -9. Suppose -3*b - 2*o - 3*o = -53, 5*o = 2*b - g. Suppose -b*y + 50 = -9*y. What is the highest common divisor of 275 and y?
25
Let c = 76 - 18. Suppose -4*o - 5*r + c - 7 = 0, 3*o - 39 = -3*r. Calculate the highest common divisor of o and 70.
14
Let c = 213 - 204. Calculate the highest common factor of 33 and c.
3
Let s(i) be the first derivative of i**3/2 - 6*i + 2. Let l(r) be the first derivative of s(r). Let z be l(3). What is the highest common divisor of 36 and z?
9
Let q = -5 + 15. Suppose m + 142 = -4*m - 3*k, 5*k + 124 = -4*m. Let b = m + 36. What is the highest common factor of b and q?
10
Let u(p) = 2*p**2 - 5*p - 28. Let k be u(-8). Let t = 136 - 80. What is the highest common divisor of t and k?
28
Let c be 132/(-3)*(-2 - (-30)/24). Calculate the highest common factor of 11 and c.
11
Suppose 8*k - 5*k - 1381 = -a, -1389 = -3*k - 3*a. What is the highest common divisor of k and 27?
27
Let y = 1 + -4. Let k(i) = 9*i**2 - i. Let j be k(y). What is the greatest common divisor of 21 and j?
21
Let l be (-1 - 11)*(-4)/(-8). Let k = 14 + l. Let z be 1058/12 + k/(-48). What is the greatest common factor of z and 11?
11
Suppose 0 = -24*t + 176 - 104. Suppose -c + 22 = -5*s - 0*s, 0 = -4*s + 4*c - 24. Let n be (s/6)/((-4)/6). What is the greatest common factor of t and n?
1
Suppose -6*j - 140 = j. Let s = 23 + j. Calculate the highest common divisor of s and 3.
3
Let u(g) = -26*g + 221. Let r be u(6). Calculate the greatest common divisor of r and 416.
13
Let k(p) = p + 39. Let l be k(-17). Calculate the greatest common divisor of 8 and l.
2
Suppose 10*p - 18 = 9*p - b, 5*b + 20 = 0. Calculate the greatest common factor of 88 and p.
22
Let b be 140 - 0/2 - 4. What is the greatest common factor of b and 68?
68
Suppose 3*d = 12, -2*i + 2*d - 6*d + 16 = 0. Suppose j + 0*j = i. Suppose j = 2*c + 3*c - 140. Calculate the greatest common divisor of 14 and c.
14
Suppose 4*b = -b + 40. Suppose 0 = -b*d - d + 1575. What is the highest common factor of 25 and d?
25
Let g(q) = -q**3 - 4*q**2 - 3*q - 26. Let s be g(-6). What is the highest common factor of s and 64?
64
Let j(b) = b**2 + 6*b - 6. Let q be j(-6). Let s be (2*q/4)/1. Let f = s + 9. Calculate the greatest common factor of f and 15.
3
Let o(i) = 9*i + 143. Let q be o(-13). Calculate the greatest common divisor of q and 4.
2
Let r be ((-8)/10)/((-22)/275). Let f be r*(5/(-25) + 1). Calculate the greatest common divisor of 40 and f.
8
Let i(u) = 4*u - 1. Let y be i(1). Suppose -11 = -q - y. Calculate the greatest common factor of 2 and q.
2
Let h(w) = -3*w + 50. Let s be h(6). Calculate the highest common factor of 288 and s.
32
Let w(o) = o**2 - 38*o + 61. Let n be w(37). What is the greatest common factor of 48 and n?
24
Suppose -5*s = -5*l + l - 55, 0 = -2*s + 4*l + 34. Calculate the highest common factor of 1 and s.
1
Let z be (-492)/15 - (-11)/(-55). Let j be 6/33 - 1083/z. Let b be 1/3 - (-260)/12. What is the highest common factor of j and b?
11
Let v(w) = -w**3 - 16*w**2 - 14*w + 18. Let b be v(-15). Suppose 54 = b*m - 66. What is the highest common factor of m and 8?
8
Let k = -17 + 17. Suppose 2*v - 2*p - 12 = k, -3*v + p + 24 = 4*p. Calculate the highest common factor of v and 14.
7
Let 